 z(-12)?
-35
Let u(y) = -y**3 + 6*y**2 + y - 14. Determine u(6).
-8
Let h(b) = b**3 - 9*b**2 - 7*b - 4. What is h(10)?
26
Let y(u) = u**3 - 8*u**2 - 9*u + 7. Give y(9).
7
Let p(m) = -m**2 + 3*m + 52. Give p(9).
-2
Let w(b) = -13*b**2 - 4. Give w(2).
-56
Let b(w) = -w**2 + w + 9. Determine b(4).
-3
Let j(d) = d**2 - 7*d - 3. Determine j(8).
5
Let v(c) = -c**2 + 13*c. Give v(11).
22
Let w(l) = -l**3 - 18*l**2 + 3*l + 46. Determine w(-18).
-8
Let k(t) = 2*t**2 + 3*t - 10. What is k(-4)?
10
Let z(v) = 6*v**2 - 11*v - 14. Give z(-3).
73
Let w(v) = -v**3 - 5*v**2 + 22*v + 61. What is w(-7)?
5
Let t(c) = c**2 + c - 9. Determine t(-3).
-3
Let i(b) = 2*b**2 - b + 3. What is i(3)?
18
Let r(u) = 2*u**2 + 30*u - 21. Calculate r(-19).
131
Let n(f) = -f**3 + 18*f**2 + 3*f - 53. Give n(18).
1
Let u(t) = -4*t - 3. Calculate u(-4).
13
Let t(v) = 2*v + 3. Calculate t(-10).
-17
Let i(n) = 2*n**2 - 9*n - 18. What is i(9)?
63
Let d(q) = 2*q**2 + 79*q + 85. What is d(-37)?
-100
Let o(u) = -u**3 + 7*u**2 - 2*u - 3. Give o(6).
21
Let w(t) = t**3 - 2*t - 4. Calculate w(2).
0
Let s(q) = 3*q**2 + 2*q + 3. What is s(3)?
36
Let w(a) = a**3 - 8*a**2 - 5*a + 11. What is w(8)?
-29
Let s(f) = f**3 + 11*f**2 - 9*f - 25. What is s(-12)?
-61
Let a(z) = -z**2 + 5*z + 22. Determine a(9).
-14
Let w(c) = c**2 - 26*c - 34. What is w(28)?
22
Let x(s) = -2*s**3 - 3*s**2 + s + 13. Give x(-4).
89
Let v(l) = -l**2 - 11*l - 1. What is v(-7)?
27
Let v(m) = -2*m**2 + 15*m - 13. Determine v(7).
-6
Let l(g) = g**3 - 4*g**2 - 29*g - 27. Give l(8).
-3
Let n(l) = l**3 + 11*l**2 + 17*l - 8. Calculate n(-9).
1
Let x(m) = -m**3 + 34*m**2 + 32*m + 108. Determine x(35).
3
Let j(l) = l**3 + 3*l**2 - 3*l + 4. Give j(-4).
0
Let w(l) = 4*l**2 + l + 2. Give w(-4).
62
Let s(x) = 6*x**3 - x**2 - x + 1. Determine s(1).
5
Let x(f) = -13*f**2 - 7*f + 6. Give x(1).
-14
Let x(a) = -a**3 - 2*a**2 + 9*a + 6. Determine x(-4).
2
Let g(o) = -o - 16. Determine g(-5).
-11
Let n(w) = w**3 - 24*w**2 - 25*w + 12. Calculate n(25).
12
Let v(p) = p**3 + 6*p**2 + 10*p + 3. Determine v(-3).
0
Let b(k) = -k**3 + k**2 - 14. Give b(0).
-14
Let y(a) = -a**2 + 9*a + 27. Determine y(10).
17
Let c(m) = -m**3 - 30*m**2 + m + 32. What is c(-30)?
2
Let f(u) = 3*u**2 + 5*u - 3. Determine f(-3).
9
Let z(t) = t**2 + 22*t - 44. Calculate z(-24).
4
Let r(w) = -20*w**2 - w. What is r(-1)?
-19
Let z(d) = 2*d**3 - 7*d**2 - 3*d - 4. What is z(4)?
0
Let o(a) = -a**3 + 8*a**2 + 5. Give o(8).
5
Let s(v) = v + 13. Determine s(-3).
10
Let o(a) = -a + 5. Give o(-3).
8
Let k(v) = -4*v + 6. Give k(6).
-18
Let p(v) = v**3 - 25*v**2 - 2*v + 58. Calculate p(25).
8
Let k(w) = -w - 7. Give k(-10).
3
Let c(s) = -3*s + 29. Calculate c(6).
11
Let x(y) = y**3 - 5*y**2 - 5*y + 13. Determine x(5).
-12
Let j(z) = z**2 - 4*z - 48. Give j(9).
-3
Let u(j) = j**2 - 8*j + 6. Give u(8).
6
Let g(i) = 4*i**2 - 5*i - 1. Determine g(2).
5
Let n(u) = -u - 16. Determine n(-12).
-4
Let a(t) = t**3 + 15*t**2 + 12*t + 17. What is a(-14)?
45
Let k(z) = -z - 12. What is k(-10)?
-2
Let m(d) = -39*d**3 - 2*d - 2. What is m(-1)?
39
Let b(y) = -y**3 - 10*y**2 + y + 52. What is b(-9)?
-38
Let k(z) = z**3 + 9*z**2 - 3*z - 8. Calculate k(-10).
-78
Let d(k) = 7*k**2 + 46*k + 14. What is d(-6)?
-10
Let q(i) = i**2 + 27*i + 146. Calculate q(-8).
-6
Let s(q) = q**3 - 21*q**2 + 97*q + 8. Give s(14).
-6
Let b(g) = 3*g**2 - 36*g - 53. Give b(13).
-14
Let u(m) = 4*m**2 + 20*m + 7. Calculate u(-6).
31
Let x(d) = d**2 - 19*d + 85. Give x(10).
-5
Let k(n) = -25*n - 156. Give k(-5).
-31
Let u(w) = 6*w - 28. Determine u(8).
20
Let v(a) = -2*a**2 + 13*a - 10. Determine v(7).
-17
Let w(q) = -18*q + 7. Calculate w(-1).
25
Let q(b) = -b**2 - 3*b + 24. Give q(3).
6
Let t(v) = v**2 + 30*v + 171. Calculate t(-22).
-5
Let j(c) = -c**3 - 9*c**2 - 8*c + 10. What is j(-7)?
-32
Let k(a) = 39*a + 277. Determine k(-7).
4
Let h(b) = b**2 - 8*b + 3. Calculate h(8).
3
Let v(p) = p**2 + 17*p - 12. Calculate v(-20).
48
Let v(h) = 11*h**2 - h + 5. Calculate v(3).
101
Let l(f) = -17*f + 4. Determine l(1).
-13
Let q(b) = b**3 - 23. Calculate q(0).
-23
Let g(z) = z**3 - 31*z**2 + 5*z - 141. Calculate g(31).
14
Let v(l) = -17*l**2 + 2*l + 2. Give v(-1).
-17
Let s(k) = -2*k + 2. Calculate s(4).
-6
Let r(m) = 71*m + 55. What is r(-1)?
-16
Let t(a) = -6*a + 4. What is t(3)?
-14
Let w(k) = 12*k + 6. What is w(2)?
30
Let r(d) = 76*d**3 - 2*d**2 + d. Calculate r(1).
75
Let o(w) = -w**2 - 39*w - 102. What is o(-36)?
6
Let n(o) = -30*o + 186. What is n(6)?
6
Let x(f) = -4*f**2 + 43*f - 56. Determine x(9).
7
Let b(u) = u**2 - 9*u + 10. Give b(8).
2
Let k(i) = 4*i**2 - 26*i - 42. Give k(8).
6
Let d(c) = -c**3 - 4*c**2 + 4. Give d(-4).
4
Let t(l) = -l**2 + 4*l - 8. Determine t(9).
-53
Let l(j) = -j**3 + 7*j**2 - j - 1. Determine l(7).
-8
Let t(j) = 3*j**2. Calculate t(2).
12
Let z(c) = c**3 + 3*c**2 - 7*c - 7. Calculate z(-5).
-22
Let p(b) = -b**2 + 7*b + 14. What is p(7)?
14
Let m(b) = -b**2 + 21*b + 220. Give m(-9).
-50
Let u(t) = -11*t**2 - 86*t - 7. What is u(-8)?
-23
Let n(c) = c - 10. Determine n(15).
5
Let u(d) = d**3 + 5*d**2 + 6*d + 12. What is u(-5)?
-18
Let h(o) = -2*o + 47. Determine h(-18).
83
Let m(s) = s**3 - 14*s**2 + 39*s + 10. What is m(9)?
-44
Let v(h) = h**3 - 7*h**2 + 9*h - 14. What is v(6)?
4
Let h(s) = s**3 - 4*s + 3. What is h(2)?
3
Let a(b) = b**3 - 7*b**2 - 8*b + 6. Determine a(7).
-50
Let v(o) = o**3 + 25*o**2 + 41*o - 108. Determine v(-23).
7
Let f(s) = s**2 + 8*s - 12. Give f(-9).
-3
Let y(i) = 14*i + 1. Determine y(1).
15
Let o(m) = -25*m**3 - m**2. Give o(1).
-26
Let f(q) = q**2 + 19*q + 33. Determine f(-2).
-1
Let h(i) = i**2 - 9*i + 5. Give h(7).
-9
Let q(u) = u**2 - 16. Determine q(8).
48
Let v(j) = 4*j - 25. Calculate v(8).
7
Let b(k) = k**3 + 5*k**2 - 12. Give b(-6).
-48
Let s(q) = -2*q**2 - 6*q + 5. Calculate s(-6).
-31
Let u(p) = 6*p. Calculate u(12).
72
Let k(n) = 3*n + 10. Calculate k(11).
43
Let g(h) = h**3 + 2*h**2 - 6*h + 2. Calculate g(-3).
11
Let g(t) = 2*t**2 - 3*t - 18. Give g(4).
2
Let h(w) = 13*w - 1. Calculate h(-1).
-14
Let s(g) = -12*g - 165. Calculate s(-13).
-9
Let k(q) = q**2 + 7*q + 20. Determine k(-4).
8
Let h(y) = y**3 + 5*y**2 - 6*y - 7. Calculate h(-5).
23
Let u(z) = -z**3 + 12*z**2 + 3*z - 37. Determine u(12).
-1
Let b(p) = -4*p**2 + 7. Calculate b(-5).
-93
Let j(b) = b - 4. Calculate j(-3).
-7
Let b(y) = 4*y**2 - 2*y - 1. Determine b(-2).
19
Let l(x) = x**2 - 24*x - 59. Give l(26).
-7
Let j(o) = 8*o - 89. Give j(10).
-9
Let w(c) = 6*c + 18. Determine w(-6).
-18
Let a(r) = 2*r**3 + 10*r**2 + 6*r + 1. What is a(-4)?
9
Let q(s) = s**2 + 14*s + 31. Determine q(-10).
-9
Let m(x) = -2*x - 9. Calculate m(-8).
7
Let l(r) = r**2 + r. What is l(3)?
12
Let t(k) = -3*k - 20. Calculate t(-10).
10
Let q(u) = -2*u + 14. Calculate q(-6).
26
Let s(c) = c**3 - 16*c**2 - 19*c + 29. What is s(17)?
-5
Let g(s) = 8*s - 12. What is g(1)?
-4
Let b(v) = 5*v + 19. Calculate b(5).
44
Let i(m) = m**3 - 9*m**2 + m + 7. Calculate i(8).
-49
Let m(j) = -j**3 + 12*j**2 - 6*j + 68. Determine m(12).
-4
Let y(k) = 5*k - 1. What is y(3)?
14
Let s(x) = -3*x + 25. Give s(-9).
52
Let m(c) = 2*c**2 + 6*c + 5. Determine m(-5).
25
Let v(m) = -m**2 - 12*m + 3. Calculate v(-11).
14
Let f(b) = b**3 - b**2 - 3*b + 2. Give f(0).
2
Let r(t) = -26*t**3 + 2*t**2 - 1. Determine r(1).
-25
Let l(p) = -6*p - 60. Calculate l(-10).
0
Let y(t) = -t**2 - 5*t + 30. Determine y(-9).
-6
Let i(n) = -n**2 + 18*n + 34. Give i(20).
-6
Let y(q) = -q**2 + 3*q - 6. Calculate y(3).
-6
Let t(g) = -18*g - 159. Calculate t(-7).
-33
Let z(o) = 33*o**2 + o + 2. Calculate z(-1).
34
Let x(g) = g**3 - 6*g**2 - 13*g - 3. Give x(8).
21
Let c(l) = l**3 - 7*l**2 - 3*l + 4. Calculate c(8).
44
Let i(f) = f**3 - 9*f**2 + 8*f + 6. What is i(8)?
6
Let n(v) = -76*v + 368. Determine n(5).
-12
Let p(o) = o**3 - 9*o**2 + 14*o - 35. Give p(8).
13
Let r(p) = -p**3 - 3*p**2 - 4*p - 4. Calculate r(-3).
8
Let g(t) = 3*t - 8. Determine g(7).
13
Let h(v) = -3*v**2 - 8*v + 12. Calculate h(-4).
-4
Let k(x) = x**3 - 8*x - 7. What is k(0)?
-7
Let w(t) = 7*t + 18. Calculate w(-5).
-17
Let z(c) = -84*c - 845. Give z(-10).
-5
Let l(s) = 8*s + 29. Determine l(-4).
-3
Let h(g) = -g**2 - 10*g - 22. Give h(-7).
-1
Let n(j) = j**3 + 46*j**2 + j + 43. Give n(-46).
-3
Let b(m) = -